{"id":1688,"date":"2018-07-31T10:30:32","date_gmt":"2018-07-31T10:30:32","guid":{"rendered":"http:\/\/demo2.steelthemes.com\/delaware\/?page_id=1688"},"modified":"2025-04-01T19:09:42","modified_gmt":"2025-04-01T19:09:42","slug":"perspectives_d_avenir","status":"publish","type":"page","link":"https:\/\/maisonsoleilumuhoza.org\/index.php\/perspectives_d_avenir\/","title":{"rendered":"Perspective d\u2019avenir"},"content":{"rendered":"<p>[vc_row][vc_column]<div class='delaware-section-title  delaware_title-type-3 row' >\n\t\t\t\t<h3 class='col-xs-12 col-sm-3 title no-underline' style=''>Perspectives d'avenir<\/h3>\n\t\t\t\t<div class=\"col-xs-12 col-sm-6 desc\"><\/div> \n\t\t\t<\/div><div class=\"ba-empty-space \" style=\"\"><div class=\"ba_empty_space_lg\"  style=\"height: 80px\"><\/div><div class=\"ba_empty_space_md\"  style=\"height: 80px\"><\/div><div class=\"ba_empty_space_xs\"  style=\"height: 80px\"><\/div><\/div>[\/vc_column][\/vc_row][vc_row][vc_column width=&#8221;1\/2&#8243;][vc_hoverbox image=&#8221;2764&#8243; primary_title=&#8221;&#8221; hover_title=&#8221;&#8221;]<span style=\"color: #000000;\">Nous devons d\u00e9fendre nos droits et ceux des autres. Nous pouvons agir jour apr\u00e8s jour pour d\u00e9fendre les droits qui nous prot\u00e8gent tous et toutes et pour promouvoir notre humanit\u00e9\u00a0commune.<\/span>[\/vc_hoverbox]<div class=\"ba-empty-space \" style=\"\"><div class=\"ba_empty_space_lg\"  style=\"height: 80px\"><\/div><div class=\"ba_empty_space_md\"  style=\"height: 80px\"><\/div><div class=\"ba_empty_space_xs\"  style=\"height: 80px\"><\/div><\/div>[\/vc_column][vc_column width=&#8221;1\/2&#8243;][vc_column_text]<span style=\"color: #000000;\">Afin d&#8217;atteindre notre objectif principal, \u00e0 savoir \u00ab am\u00e9liorer la formation scolaire et la situation alimentaire du plus grand nombre possible d&#8217;enfants burundais \u00bb, nous avons \u00e9labor\u00e9 des projets pour l&#8217;alimentation des enfants, leur \u00e9ventuel soutien psychologique et d&#8217;autres projets de formation. Ces projets assurent leur situation alimentaire et leur formation scolaire et leur donnent la possibilit\u00e9 d&#8217;apprendre un m\u00e9tier \u00e0 l&#8217;avenir. Si les formations professionnelles ne sont pas ou peu possibles au Burundi, nous r\u00e9fl\u00e9chissons \u00e9galement \u00e0 un centre de formation professionnelle multidisciplinaire au Burundi.<\/span><\/p>\n<p><span style=\"color: #000000;\">L&#8217;organisation pr\u00e9voit \u00e9galement de mettre en place des m\u00e9canismes de d\u00e9fense des droits de l&#8217;homme en g\u00e9n\u00e9ral (droits des enfants et des femmes) et des groupes vuln\u00e9rables en particulier. De m\u00eame, nous organiserons \u00e9galement des activit\u00e9s de sensibilisation \u00e0 la culture du risque et aux techniques d&#8217;adaptation au changement climatique.<\/span>[\/vc_column_text][\/vc_column][\/vc_row]<\/p>\n","protected":false},"excerpt":{"rendered":"<p>[vc_row][vc_column][\/vc_column][\/vc_row][vc_row][vc_column width=&#8221;1\/2&#8243;][vc_hoverbox image=&#8221;2764&#8243; primary_title=&#8221;&#8221; hover_title=&#8221;&#8221;]Nous devons d\u00e9fendre nos droits et ceux des autres. Nous pouvons agir jour apr\u00e8s jour pour d\u00e9fendre les droits qui nous prot\u00e8gent tous et toutes et pour promouvoir notre humanit\u00e9\u00a0commune.[\/vc_hoverbox][\/vc_column][vc_column width=&#8221;1\/2&#8243;][vc_column_text]Afin d&#8217;atteindre notre objectif principal, \u00e0 savoir \u00ab am\u00e9liorer la formation scolaire et la situation alimentaire du plus grand nombre possible [&hellip;]<\/p>\n","protected":false},"author":1,"featured_media":0,"parent":0,"menu_order":0,"comment_status":"closed","ping_status":"closed","template":"template-fullwidth.php","meta":{"footnotes":""},"class_list":["post-1688","page","type-page","status-publish","hentry","no-thumb"],"_links":{"self":[{"href":"https:\/\/maisonsoleilumuhoza.org\/index.php\/wp-json\/wp\/v2\/pages\/1688","targetHints":{"allow":["GET"]}}],"collection":[{"href":"https:\/\/maisonsoleilumuhoza.org\/index.php\/wp-json\/wp\/v2\/pages"}],"about":[{"href":"https:\/\/maisonsoleilumuhoza.org\/index.php\/wp-json\/wp\/v2\/types\/page"}],"author":[{"embeddable":true,"href":"https:\/\/maisonsoleilumuhoza.org\/index.php\/wp-json\/wp\/v2\/users\/1"}],"replies":[{"embeddable":true,"href":"https:\/\/maisonsoleilumuhoza.org\/index.php\/wp-json\/wp\/v2\/comments?post=1688"}],"version-history":[{"count":7,"href":"https:\/\/maisonsoleilumuhoza.org\/index.php\/wp-json\/wp\/v2\/pages\/1688\/revisions"}],"predecessor-version":[{"id":3111,"href":"https:\/\/maisonsoleilumuhoza.org\/index.php\/wp-json\/wp\/v2\/pages\/1688\/revisions\/3111"}],"wp:attachment":[{"href":"https:\/\/maisonsoleilumuhoza.org\/index.php\/wp-json\/wp\/v2\/media?parent=1688"}],"curies":[{"name":"wp","href":"https:\/\/api.w.org\/{rel}","templated":true}]}}